) = -8*u**2. What is g(1)?
-8
Let t(i) = -i**2 + 9*i - 5. Calculate t(10).
-15
Let t(p) = -4*p + 5. Determine t(-8).
37
Let k(s) = -s**2 - 43*s + 45. Give k(-44).
1
Let u(c) = 12*c - 4. Determine u(5).
56
Let g(u) = -14*u**2 + 5*u + 8. What is g(-2)?
-58
Let v(d) = -7*d + 11. Calculate v(-7).
60
Let k(d) = 3*d**2 - 2. Determine k(-2).
10
Let q(z) = -z**2 + 3*z - 3. What is q(-6)?
-57
Let n(s) = s**2 + 9*s - 36. Calculate n(5).
34
Let w(m) = m - 8. Give w(-5).
-13
Let m(d) = -d**3 + 14*d**2 + 29*d + 30. Give m(16).
-18
Let r(f) = -f**2 + f + 1. What is r(-1)?
-1
Let m(j) = j**3 - 5*j + 2. Calculate m(3).
14
Let q(j) = j**3 - 13*j**2 - 14*j + 1. Give q(14).
1
Let h(l) = -l**3 + 4*l**2 + 3*l + 6. Give h(4).
18
Let u(x) = -x**3 + 4*x**2 - x - 1. Calculate u(3).
5
Let w(q) = q**2 - 107*q - 105. Determine w(-1).
3
Let s(h) = -2*h**2 - 26*h - 13. What is s(-12)?
11
Let j(w) = -5*w + 12. Determine j(7).
-23
Let y(t) = -4*t**2 + 14*t - 16. Give y(5).
-46
Let w(k) = k**3 - 7*k**2 + 4*k - 5. What is w(6)?
-17
Let f(j) = -4*j - 43. Give f(-12).
5
Let m(n) = n**3 + n**2 - 25*n - 29. Give m(-5).
-4
Let g(x) = x**3 + 7*x**2. Calculate g(-6).
36
Let v(g) = -6*g - 37. Determine v(-6).
-1
Let k(j) = -71*j**2 + j + 1. Calculate k(1).
-69
Let l(n) = 9*n - 8. Give l(-6).
-62
Let u(f) = -2*f**3 + 5*f**2 - 15*f + 18. What is u(2)?
-8
Let y(v) = -2*v**3 - 7*v**2 + 9*v + 6. Determine y(-4).
-14
Let y(b) = 5*b - 1. What is y(12)?
59
Let h(p) = p - 10. Determine h(9).
-1
Let j(d) = 23*d + 15. Give j(1).
38
Let p(z) = z**3 - 13*z**2 + 13*z + 28. Give p(12).
40
Let d(z) = -z**3 - 6*z**2 - z + 14. What is d(-6)?
20
Let m(o) = -4*o**2 + 293*o - 71. Calculate m(73).
2
Let a(f) = f**3 + 8*f**2 - 10*f - 7. Calculate a(-9).
2
Let z(f) = -4*f + 3. Determine z(4).
-13
Let i(y) = 91*y + 84. What is i(-1)?
-7
Let p(m) = m**3 + 9*m**2 + 8*m + 5. What is p(-8)?
5
Let q(y) = -y**2 + 3*y - 7. Give q(5).
-17
Let j(u) = 2*u**2 + 11*u. Give j(-5).
-5
Let x(t) = t**3 + 24*t**2 - 24*t + 45. Give x(-25).
20
Let i(s) = s - 12. Give i(-11).
-23
Let h(v) = 2*v - 2. Calculate h(4).
6
Let j(w) = -3*w + 23. What is j(10)?
-7
Let w(x) = 10*x + 12. Determine w(-4).
-28
Let g(y) = -9*y**3 + 2*y**2 - y - 2. What is g(-1)?
10
Let c(u) = -u**3 + 2*u**2. What is c(3)?
-9
Let g(n) = -n**2 + 21*n - 56. Determine g(17).
12
Let c(v) = -v**3 - 9*v**2 + 10*v + 3. Determine c(-10).
3
Let w(k) = -k**2 - 6*k - 7. What is w(5)?
-62
Let c(j) = -j**3 + 6*j**2 + 8*j - 9. Calculate c(6).
39
Let o(n) = 2*n - 27. Give o(11).
-5
Let f(s) = -3*s + 4. Give f(5).
-11
Let t(c) = c**2 - 11*c + 13. Calculate t(10).
3
Let l(u) = 3*u**3 + 94*u**2 + 33*u + 54. Calculate l(-31).
-8
Let b(y) = -61*y - 427. Determine b(-7).
0
Let j(z) = 22*z**2 + 242*z - 4. What is j(-11)?
-4
Let n(d) = 15*d + 2. Give n(1).
17
Let w(r) = -r**2 + 22*r + 207. Give w(29).
4
Let h(f) = f - 23. Determine h(15).
-8
Let b(x) = 34*x + 11. What is b(4)?
147
Let j(n) = n**2 + 22*n + 68. Give j(-7).
-37
Let q(v) = -104*v - 413. Determine q(-4).
3
Let z(m) = -m**2 + m + 27. Determine z(0).
27
Let c(t) = 2*t**2 - 6*t - 5. What is c(3)?
-5
Let n(j) = j**3 - 4*j**2 - 15*j + 38. Calculate n(5).
-12
Let d(c) = -4*c + 10. Give d(4).
-6
Let z(n) = 2*n + 45. What is z(0)?
45
Let d(c) = c**3 + 9*c**2 + 3*c - 2. What is d(-4)?
66
Let w(i) = -56*i - 115. Calculate w(-2).
-3
Let p(t) = -t**3 + 5*t**2 + 6*t + 8. Determine p(6).
8
Let x(z) = -5*z - 4. Calculate x(-4).
16
Let t(p) = 5*p - 8. What is t(3)?
7
Let y(w) = 7*w + 1. Give y(-1).
-6
Let n(l) = -l**2 - 8*l. What is n(-8)?
0
Let d(p) = 39*p**2 - 2*p - 1. What is d(-1)?
40
Let h(t) = t**3 + 27*t**2 + 30*t + 110. What is h(-26)?
6
Let p(d) = -d - 25. What is p(-12)?
-13
Let u(h) = -h**3 + 11*h**2 - 25*h - 13. Calculate u(4).
-1
Let g(z) = -11*z - 13. Calculate g(-1).
-2
Let f(c) = -c**2 + 3*c. What is f(6)?
-18
Let l(y) = y**3 - 3*y**2 - 14*y + 8. Calculate l(6).
32
Let y(f) = -15*f - 98. What is y(-6)?
-8
Let n(z) = 2*z + 12. Determine n(-4).
4
Let p(i) = -2*i**2 + 3*i - 4. Give p(2).
-6
Let g(r) = r**2 - 12*r - 106. Calculate g(18).
2
Let r(b) = -2*b**3 - 3*b**2 + 9*b + 17. Determine r(-2).
3
Let w(h) = -h**3 + 22*h**2 + 24*h - 23. What is w(23)?
0
Let d(o) = -3*o - 18. What is d(-9)?
9
Let p(s) = -s + 63. What is p(74)?
-11
Let l(k) = -k**2 + 9*k + 4. What is l(7)?
18
Let a(m) = -3*m + 8. Calculate a(-8).
32
Let v(n) = n**2 - 12*n - 3. Calculate v(12).
-3
Let a(v) = -2*v**2 - v - 6. Calculate a(0).
-6
Let p(y) = -y**3 - 13*y**2 - 3*y - 26. Determine p(-13).
13
Let m(s) = -s**2 - 31*s - 58. Give m(-29).
0
Let j(z) = z**3 - 12*z**2 + 3. What is j(12)?
3
Let d(u) = -2*u - 20. Determine d(-9).
-2
Let l(f) = f**2 + 4*f. Calculate l(-5).
5
Let t(g) = 2*g**2 - 6*g - 7. What is t(-2)?
13
Let w(g) = -g**3 + 5*g**2 + 7*g - 9. Determine w(2).
17
Let b(g) = g**2 - 17*g + 42. Give b(14).
0
Let j(o) = -o**2 - 6*o + 5. Determine j(-5).
10
Let l(u) = -u**2 - 9*u + 4. What is l(-12)?
-32
Let k(g) = -2*g**3 - 68*g**2 - 2*g - 71. Give k(-34).
-3
Let b(r) = -2*r**3 + 19*r**2 + 2*r + 70. Determine b(10).
-10
Let z(d) = 6*d - 16. Give z(8).
32
Let v(b) = -b**3 - b**2 - b + 27. What is v(0)?
27
Let w(p) = 2*p**3 - 11*p**2 - 7*p + 4. What is w(6)?
-2
Let j(n) = n**3 - 4*n**2 + 2*n - 83. Determine j(6).
1
Let x(b) = 10*b**3 - 2*b - 3. Calculate x(-1).
-11
Let g(t) = -31*t + 133. Determine g(4).
9
Let n(o) = 7*o - 78. Give n(11).
-1
Let x(o) = 32*o + 5. Calculate x(-2).
-59
Let g(d) = -d**3 + 19*d**2 + 3*d - 12. Give g(19).
45
Let q(y) = y - 4. What is q(7)?
3
Let y(t) = -t**2 - 2*t - 10. Determine y(0).
-10
Let l(b) = -31*b**3 + b + 1. Determine l(1).
-29
Let v(w) = -w**2 + 11*w. Give v(11).
0
Let c(g) = g**3 - 25*g**2 + 22*g + 53. What is c(24)?
5
Let t(j) = j**2 - 53*j - 111. Calculate t(55).
-1
Let k(u) = 2*u**2 + 28*u + 5. Determine k(-9).
-85
Let a(z) = -z**3 + 7*z**2 - 4*z. Calculate a(6).
12
Let t(y) = 17*y + 147. Calculate t(-9).
-6
Let x(s) = -s**3 + 4*s**2 - 4*s + 31. Calculate x(5).
-14
Let h(f) = -f**2 - 7*f + 313. Determine h(-22).
-17
Let k(t) = t + 33. Determine k(26).
59
Let o(k) = -21*k - 181. What is o(-9)?
8
Let o(v) = 2*v**2 + 3*v + 2. Calculate o(-2).
4
Let a(q) = -2*q**2 - 7*q + 219. Calculate a(9).
-6
Let q(v) = -6*v + 139. Determine q(22).
7
Let d(m) = -m**3 + 7*m**2 - m + 14. Calculate d(7).
7
Let z(t) = t**2 - 11*t + 10. Calculate z(7).
-18
Let v(j) = j**2 + 8*j + 7. Give v(-5).
-8
Let x(m) = -7*m**3 - m**2 - 2*m - 1. Give x(-1).
7
Let s(w) = 2*w**2 + 9*w + 7. Give s(-6).
25
Let f(n) = -n**3 + 8*n**2 + 6*n - 3. Give f(4).
85
Let o(h) = -h - 4. Determine o(-2).
-2
Let j(g) = g**3 - 6*g**2 - 19. Calculate j(6).
-19
Let u(p) = 4*p**2 - 49*p - 18. Calculate u(13).
21
Let n(g) = -9*g**2 - g. What is n(0)?
0
Let u(f) = -2*f**2 + 54*f - 55. What is u(1)?
-3
Let u(z) = z**3 + 2*z**2 - 15*z - 44. Determine u(-4).
-16
Let c(j) = -j**3 + 3*j**2 + 2*j - 5. Give c(4).
-13
Let y(m) = -m + 13. Give y(8).
5
Let t(s) = 8*s**2 - 3*s + 4. Calculate t(1).
9
Let c(n) = 60*n**3 + 1. Determine c(1).
61
Let v(f) = -f**3 - 5*f**2 - 7*f - 5. Calculate v(-4).
7
Let j(m) = -24*m**2 - 5*m + 2. Determine j(-1).
-17
Let y(a) = -5*a + 1. Determine y(5).
-24
Let t(u) = -u**3 - 9*u**2 - 6*u + 25. Calculate t(-8).
9
Let t(m) = 2*m**2 - 15*m + 40. Determine t(4).
12
Let p(l) = 2*l**3 + l**2 - 2*l + 2. What is p(-2)?
-6
Let c(w) = -34*w - 169. Calculate c(-5).
1
Let h(v) = v + 27. Give h(13).
40
Let m(z) = z**2 - 10. Give m(0).
-10
Let m(k) = -k**2 + 2*k + 8. What is m(-6)?
-40
Let h(n) = -n**3 - 23*n**2 + 22*n - 51. Calculate h(-24).
-3
Let t(i) = -i**3 - 26*i**2 + 26*i + 15. What is t(-27)?
42
Let y(i) = -i - 14. Determine y(11).
-25
Let u(g) = 4*g - 166. Determine u(42).
2
Let v(n) = -n**3 + 70*n**2 - 63*n - 426. Calculate v(69).
-12
Let v(l) = -l**2 - 6*l - 13. Give v(-5).
-8
Let z(n) = 11*n + 10. What is z(0)?
10
Let g(i) = 9*i + 2. What is g(1)?
11
Let f(k) = 5*k**3. What is f(1)?
5
Let y(w) = -w**2 + 13*w - 45. Calculate y(8).
-5
Let i(y) = -2*y**2 - 7*y + 12. Determine i(0).
12
Let u(s) = s**2 - 6*s - 16. Determine u(8).
0
Let u(c) = -6*c**2 - 13*c + 7. Calculate u(1).
-12
Let w(r) = 2*r**3 + 18*r**2 + 24*r + 62. What is w(-8)?
-2
Let s(x) = -2*x + 30. Determine s(8).
14
Let u(g) = -2*g + 2. What is u(-7)?
16
Let b(j) = j**3 + 4*j**2 - 3*j 